{"id":387,"date":"2023-06-05T17:18:49","date_gmt":"2023-06-05T15:18:49","guid":{"rendered":"https:\/\/chiliada.pl\/?post_type=product&#038;p=387"},"modified":"2024-04-14T23:08:10","modified_gmt":"2024-04-14T21:08:10","slug":"wiazana-bluzka-s","status":"publish","type":"product","link":"https:\/\/chiliada.pl\/index.php\/produkt\/wiazana-bluzka-s\/","title":{"rendered":"Wi\u0105zana bluzka S H&amp;M 100% bawe\u0142na"},"content":{"rendered":"<p>UWAGA!<\/p>\n<p>Spodnie sprzedawane s\u0105 oddzielnie.<\/p>\n","protected":false},"excerpt":{"rendered":"<p><strong>Wymiary podawane na p\u0142asko:<\/strong><\/p>\n<p>d\u0142ugo\u015b\u0107 ca\u0142kowita \u2013 cm<\/p>\n<p>od pachy do pachy \u2013\u00a0 50\u00a0 cm<\/p>\n<p>d\u00f3\u0142 bluzki &#8211; 52 cm<\/p>\n<p>pas &#8211;\u00a0 50 cm<\/p>\n<p>d\u0142ugo\u015b\u0107 z ty\u0142u &#8211; 50 cm<\/p>\n<p>r\u0119kaw od pachy &#8211; 49 cm<\/p>\n","protected":false},"featured_media":2413,"comment_status":"open","ping_status":"closed","template":"","meta":[],"product_brand":[],"product_cat":[334,35,19,43],"product_tag":[],"class_list":{"0":"post-387","1":"product","2":"type-product","3":"status-publish","4":"has-post-thumbnail","6":"product_cat-rozmiar-s","7":"product_cat-kategorie","8":"product_cat-ubrania-damskie","9":"product_cat-bluzki-i-koszule","11":"first","12":"instock","13":"taxable","14":"shipping-taxable","15":"product-type-simple"},"_links":{"self":[{"href":"https:\/\/chiliada.pl\/index.php\/wp-json\/wp\/v2\/product\/387","targetHints":{"allow":["GET"]}}],"collection":[{"href":"https:\/\/chiliada.pl\/index.php\/wp-json\/wp\/v2\/product"}],"about":[{"href":"https:\/\/chiliada.pl\/index.php\/wp-json\/wp\/v2\/types\/product"}],"replies":[{"embeddable":true,"href":"https:\/\/chiliada.pl\/index.php\/wp-json\/wp\/v2\/comments?post=387"}],"wp:featuredmedia":[{"embeddable":true,"href":"https:\/\/chiliada.pl\/index.php\/wp-json\/wp\/v2\/media\/2413"}],"wp:attachment":[{"href":"https:\/\/chiliada.pl\/index.php\/wp-json\/wp\/v2\/media?parent=387"}],"wp:term":[{"taxonomy":"product_brand","embeddable":true,"href":"https:\/\/chiliada.pl\/index.php\/wp-json\/wp\/v2\/product_brand?post=387"},{"taxonomy":"product_cat","embeddable":true,"href":"https:\/\/chiliada.pl\/index.php\/wp-json\/wp\/v2\/product_cat?post=387"},{"taxonomy":"product_tag","embeddable":true,"href":"https:\/\/chiliada.pl\/index.php\/wp-json\/wp\/v2\/product_tag?post=387"}],"curies":[{"name":"wp","href":"https:\/\/api.w.org\/{rel}","templated":true}]}}